
-1
What is the value of 23 - ((-12 - 1) + (132 - 125))?
29
What is -22 + (-2 + 7 - -7) + (-4 - 1)?
-15
What is the value of 0 + 5 + 27 + 3 + -20?
15
What is -3 + 0 + 9 + -26 + 6?
-14
Calculate -2 + (2 - 11) - (104 - 108).
-7
Calculate -2 + 0 + -2 + (9 - (31 - 33)).
7
What is -451 + 468 - (0 + -4)?
21
What is 2 + 1 + (2 + 2 - (72 + -63))?
-2
Evaluate -20 + 11 + -10 + 16.
-3
What is 42 + 4 - 35 - (-17 - 1)?
29
What is the value of (1 - 13) + 22 - (0 + 2)?
8
Evaluate 0 - -10 - (-17 + (0 - -17)).
10
Evaluate 60 + -53 - (-5 - 1).
13
-20 + 7 - (-15 + (17 - -7))
-22
-3 - ((5 - -1) + (-30 - -5))
16
What is the value of 17 + (132 + -123 - (-1 - -18)) + 9?
18
What is the value of -2 + 1 + 9 + -30 + 0 + 26?
4
What is (7 + -6 - -9) + -20 - -21?
11
10 + (-3 - (2 - (4 - 1)))
8
Calculate 1 + -6 + (-6 + -2 - (-39 - -25)).
1
What is 10 + (2 - 10 - 14)?
-12
What is -115 + 135 - (6 - 0)?
14
What is the value of 31 + (-5 - -2) + (-198 - -196)?
26
What is -8 + 38 + -41 + (4 - 1)?
-8
What is the value of 4 - (11 + 1) - (2 - (6 + 6))?
2
Evaluate (-12 - -2) + (2 - 7) - 18.
-33
-2 + -1 + 4 + -5 + (-3 - 0)
-7
What is 8 - (8 - (11 - (-8 - -15)))?
4
Evaluate (0 + -4 - (1 + -1)) + (-38 - -38).
-4
What is the value of 1 + -8 + (2 - 5) + (0 - -2)?
-8
Calculate 903 + -895 + (1 - -3 - -1) + -1.
12
Evaluate -25 - (7 + (-15 - -3)).
-20
What is the value of 4 - ((3 - -1) + (-6 - -7) - -8)?
-9
What is the value of 123 + -144 - (-12 - 8)?
-1
13 + (1 + (-5 - -6) - (15 - 9))
9
(3 - (-2 + 18)) + 21
8
Calculate -26 + 12 + -17 + 20.
-11
-12 + 15 - 2 - (-2 + -1 + 2)
2
Evaluate (-1 - -9) + (-50 - -32).
-10
Calculate (-8 - -1 - 1) + (-8 - 9).
-25
(-1 - -6) + (-214 - -207) - (15 - 1)
-16
What is the value of (36 - 41) + 12 + 3 + -6 + 3?
7
What is 0 + -3 + (-4 - 7 - 3)?
-17
What is 27 - (-27 + -15 + 41)?
28
Evaluate -47 + 33 + (0 - -2) + 8.
-4
Evaluate -2 + (8 - 3) + 10 - (-44 + 49).
8
Calculate -19 + 36 + (-8 - (4 + -16)).
21
-21 + -1 + -10 + 35 + -2 + -39
-38
Calculate (2 - (-1 + (10 - -2))) + -17.
-26
Evaluate 0 + 4 + 9 + -1 + 0.
12
Evaluate (2 - (5 + -10 + 5 + -7)) + -14.
-5
4 + 4 + -28 + 23
3
Evaluate -4 - (-1 - 1 - (16 - 42)).
-28
What is the value of 6 - 17 - (-1 + 1 + -1 + 2)?
-12
What is the value of 9 - (5 + 6 + 9 + -15)?
4
Evaluate 1 + -12 + 11 + 9.
9
Evaluate (-230 - -251) + (-14 - 2).
5
Evaluate 0 + -5 + (27 - (-30 - -63)).
-11
What is the value of -5 + 16 + -8 + -6 - -6 - 11?
-8
Evaluate -19 + (4 - -10) + -4.
-9
Evaluate -6 + (2 - 1) + (37 - 28) - -12.
16
What is (21 - 3) + (-34 - -1)?
-15
Calculate -7 - -3 - -3 - (17 + -7).
-11
What is (40 - (44 + 9)) + 28?
15
2 + (-3 - 2) - (-7 + 0 - -11)
-7
What is the value of (1 - -2) + (17 - 9) - (-13 - -27)?
-3
Evaluate 8 + -1 + (-21 - -29) + -13 + 7.
9
What is 9 - (22 + -13 - 9)?
9
Calculate 0 + (-24 - -21) + (2 - 3).
-4
Evaluate (-12 - -3) + 22 + -38.
-25
Evaluate -1 + (14 - -3 - (14 - 10)).
12
What is the value of 3 - (-4 - -4 - 5 - -3)?
5
Calculate 18 + (2 - 17 - -6).
9
What is the value of 1 + (20 + -11 - (11 + -3))?
2
Evaluate 1 - ((-13 - -7) + 6 + 8).
-7
Calculate (-7 - -8) + ((1 - -13) + -7 - 1).
7
What is the value of -13 + 8 + (12 - (3 + 0)) + -4?
0
Calculate -2 + -11 + 0 + (-6 - -1) + 38.
20
Evaluate 9 + 4 + -28 + 9.
-6
What is 5 - -1 - (-47 + 71)?
-18
What is -37 - (35 + -42 + -10)?
-20
What is the value of 10 - (-17 + (10 - 2) + (-14 - -16))?
17
-6 - (5 - (9 - 3))
-5
Calculate (-78 - -68) + (-5 - -38).
23
What is the value of 7 + 2 - -2 - 10?
1
Evaluate 35 + -5 + -10 + -1 + (-15 - -25).
29
What is -9 + (-33 - (-6 - 6)) - -10?
-20
Calculate 1 + (-5 - (2 + 2)) - 0.
-8
Calculate 30 + -5 + -27 - -14.
12
-2 + (8 + 2 - 6) + 4
6
What is 8 - ((4 - (2 + -2)) + 1) - -9?
12
-16 + -3 + (1 - 0 - -10 - 7)
-15
Calculate (-12 - 25 - 5) + 15 + 0.
-27
What is (6 - 16) + 9 + 3?
2
(9 - -8 - 11) + 11 + -26
-9
Evaluate 5 + -5 - -22 - -6.
28
199 - 223 - (-17 - -1)
-8
15 - 22 - 5 - -13
1
Calculate 3 + (0 + 11 - 15).
-1
Calculate 1 - (-19 + 9 + 12).
-1
Calculate -17 + (-14 - 1) + 18.
-14
Evaluate (-8 - -19) + -6 - (11 + -2 - -3).
-7
What is 12 + (-31 - -14) - (4 - 23)?
14
-10 + (1 - 26 - (-40 - (-47 - -10)))
-32
Calculate -17 + 13 + -6 + (-4 - -9) + -7.
-12
Evaluate 5 + -2 - (4 - 1).
0
What is 4 + -2 - (-198 - -201)?
-1
Calculate (-85 - -44) + 55 - (-9 + 1).
22
What is the value of 0 - (16 + -13 - 0)?
-3
Calculate (-40 - (-47 - -35)) + 24.
-4
Calculate (-17 - (-4 - -2)) + (0 - -4).
-11
What is (-49 - (12 - 33)) + 3 + 2?
-23
0 + 23 + -13 + -4
6
Evaluate 1 + (1 + -1 - 4) - (2065 + -2054).
-14
-10 - (12 - (6 + -2 - -3))
-15
Evaluate -774 + 754 - (-16 - 1).
-3
-16 + 15 - -24 - 25
-2
Calculate 18 - (46 + -19 - 18) - (-1 - -40).
-30
Evaluate 6 + -13 + -1 + 14 + -6.
0
Calculate -4 + 3 + 11 + -22 + -6.
-18
-12 + (-6 - (4 - 3 - 3 - 4))
-12
What is the value of 0 + 2 + 3 + -19 + (-32 - -23)?
-23
Calculate 2 - (-9 - (-10 - -2)).
3
Calculate 8 - (44 + -28) - -10.
2
What is the value of (3 - -4) + (8 - 8) + 1?
8
Evaluate (-12 - 4 - -17) + (2 - -4).
7
9 - (2 + 12 + -5 + -2)
2
5 - (-2 - ((3 - -11) + -7 + -11))
3
What is the value of (-12 + 60 - 8) + -21?
19
Calculate -5 + -2 - (479 - 504).
18
Calculate (0 - (0 - 3)) + (1 - -37 - 32).
9
Evaluate (5 - 13) + 0 + 1 - (-16 - -16).
-7
2 + (-7 - (-3 - -4)) + -1 + 13
6
What is the value of 6 - 0 - (-164 - -151)?
19
Evaluate (-1 - 3) + 0 + 10 + -43 + 33.
-4
What is the value of 8 + -7 + (8 - 4) + 5 - 34?
-24
Calculate 35 + (-20 - (-20 - -18)).
17
What is 35 - (-10 + 27 + -6 + -1)?
25
Evaluate (6 - -1) + 1 + -268 + 257.
-3
What is (369 - 343) + -26 + 1?
1
-21 - -32 - (34 + -25)
2
What is the value of 3 + 14 + -25 + (0 - 0)?
-8
Calculate 14 - 2 - 18 - 9.
-15
What is ((5 - 3) + -1 - 5 - -8) + -13?
-9
-24 + (2 - (13 - 22))
-13
Evaluate 4 + 3 + 4 + 1 - 5.
7
What is the value of -2 + 2 + (-37 - -60) + -7?
16
33 - 17 - (5 + 4 + -3) - 3
7
Evaluate -13 - (2 - (-6 + 1 + 20 + -19)).
-19
(11 - 10 - 1) + -32 + 5 - -6
-21
What is 2 - (97 - 90 - (19 - 0))?
14
What is -10 - (-12 + -5 + 11)?
-4
-7 - ((18 - 39) + 12)
2
What is the value of 6 + 34 + -29 + 1 + 6?
18
What is the value of (-9 - 2) + (20 - 14) + 12?
7
What is the value of (9 + -4 - (32 + 13)) + (7 - -3)?
-30
What is (1 - 44 - -12) + 20?
-11
-10 + -3 - (-38 - -35 - -14)
-24
Calculate -4 + (-10 - -9) - (-10 + 1) - -8.
12
What is the value of -10 + 18 - (2 + -8) - 5?
9
Evaluate 21 + -2 - (0 + -3 - 4) - 7.
19
Evaluate 1 + -2 - (21 + -2 - 13 - 7).
0
Calculate 0 + -2 + (48 - 35).
11
Calculate (-41 - (-24 - 12)) + -11 + 1.
-15
Evaluate 254 + -257 + (-3 - -2 - -3) + 1.
0
What is the value of (-4 + 3 - 20) + (443 - 447)?
-25
Evaluate 2 + (-3 - -4) + (1 - 0 - -4).
8
What is the value of -89 - -94 - (8 + 6)?
-9
What is -9 + (3 - 12 - (-2 - 15) - 4)?
-5
What is the value of (13 - 30) + (7 + -9 - -1 - 7)?
-25
What is 8 + 3 - (-2 + 20)?
-7
Calculate 511 - 524 - (1 - 39).
25
-4 + -1 - (0 + 16 + (-48 - -28))
-1
Calculate -6 - (0 + -14 + 8).
0
Evaluate 2 + -2 - -17 - (29 - (37 - 10)).
15
Evaluate 12 - 5 - ((28 - 6) + -6).
-9
Calculate -9 - ((-24 - 2) + 32).
-15
Calculate -2 + (9 - 18) + 14 + 5.
8
(-10 - -1 - (-51 + 45)) + -27
-30
What is the value of (1 - (3 - 2)) + -32 + 4646 + -4639?
-25
What is the value of (5 - (-18 - -5)) + 36 + -47?
7
8 - ((-2 + -3 - -13) + 1)
-1
What is -28 - (5 + -28) - -10?
5
Evaluate -7 + -30 + 19 + 9 + 3.
-6
What is (4 - 0) + 66 + -58?
12
What is (-11 + 8 - -4) + 16 + -6?
11
What is the value of (43 - 16) + -11 - 3?
13
What is -31 - (5 + (-13 - (-14 + 7)))?
-30
-1 - (-15 - -2 - -15 - (-2 - 1))
-6
Evaluate 7 + 0 + 4 + -3 + -1.
7
What is the value of -18 + (11 - -1 - (-97 + 117))?
-26
What is the value of -15 + 0 + (-50 - -31 - -30)?
-4
What is the value of 2 - 1 - ((10 - 12) + -15)?
18
Calculate 6 + -12 + 9 - 8.
-5
What is the value of 15 + (-17 - (-29 + -7 + 12))?
22
What is -1 + 11 - (-33 + 33 + 3 + 4)?
3
-8 + (-5 - (-4 - ((-2 - -6) + -8)))
-13
What is the value of 3 + (3 - -1 - 3) + (0 - 5)?
-1
(344 - 315) + 0 + -13
16
What is 0 - -28 - (-46 - (-29 - 20))?
25
What is -45 + 44 - (-22 - -5)?
16
What is the value of -26 + (-52 - -43 - (0 + -18))?
-17
What is 10 + (9 - 0) - 31?
-12
Evaluate 1 - -2 - (-15 - (-4 - 6)).
8
Calculate 17 + -6 + -12 - (-8 - (0 + -2)).
5
24 - (17 - ((20 - 10) + 2 + -1))
18
2 + 26 - (18 - 1)
11
Calculate 4 - ((-10 - -19) + -28).
23
Evalua